 Let r be 288/(-60) + 1519/(-245). What is q(r)?
-7
Let q(c) = -2*c - 3. Let v(d) = 2*d + 24. Let o be v(-12). Suppose o = 2*b + 8, -4*r - 2*b = 3*b - 88. Let x = 25 - r. Determine q(x).
1
Let t be 165/(-40) - (-6)/48. Let d(r) = 13*r**2 + 4*r + 1. Let p(g) = 38*g**2 + 11*g + 3. Let m(c) = t*p(c) + 11*d(c). Determine m(1).
-10
Let j(u) = 27*u + 3. Let s(t) = 18*t + 2. Let l(w) = -5*j(w) + 8*s(w). Let b be l(-2). Let c = -11 - b. Let m(y) = -y**3 + 7*y**2 - 7*y + 3. Give m(c).
-3
Let z(m) = -114*m - 151. Let q(c) = -263*c - 304. Let w(h) = -3*q(h) + 7*z(h). Determine w(-18).
17
Let l(u) = -16968*u**3 + 3*u + 4*u**2 - 17264*u**3 - 1 + 34233*u**3. Let z be (-6)/(-4)*2*-1. Give l(z).
-1
Let o(w) = 0*w**3 - 39 + 3*w**3 + 2*w**3 - w**2 - 4*w**3 + 42. Let m(a) = -a**2 + a + 3. Let f(b) = 3*m(b) - o(b). Calculate f(-4).
26
Let m be 12*76/160*2/3*-5. Let k(q) = q**2 + 17*q - 54. Give k(m).
-16
Suppose -183 = -7*k - 162. Let i(n) = 8 - n**3 - 5*n**2 + 5*n - 2*n**3 + 3*n**3 + 2*n**3 - 3*n**k. Determine i(-6).
14
Let d(m) = -m**3 + 2*m - 3. Suppose 5*h + 100 = 10*h. Let p be 5*(-2 - (-392)/h). Let o = -86 + p. Give d(o).
-7
Let j(b) be the second derivative of b**4/4 + 47*b**3/6 - 11*b**2/2 - 2457*b. Calculate j(-14).
-81
Suppose 247*k - 233*k - 42 = 0. Let h(r) = -5*r**2 + 3 + 0*r**3 + 5*r - k*r + 0*r + r**3 + 1. Determine h(5).
14
Let c(g) be the first derivative of g**4/4 + 5*g**3/3 - 7*g**2 + 674. Calculate c(-7).
0
Let z(i) = -2*i - 1. Let x(h) = 2*h + 5. Let n = 884 + -881. Let v(a) = n*x(a) + 2*z(a). What is v(-11)?
-9
Let o(r) = -r**3 + 11*r**2 - 7. Let n = -435 - -446. Calculate o(n).
-7
Let w(j) = 57*j + 14. Let z(p) = -19*p - 5. Suppose 3*f + 6 = -6, f - 26 = 5*b. Let g(x) = b*w(x) - 17*z(x). Calculate g(1).
-18
Let p(x) = -2*x + 7. Let l(h) = -7*h**3 - h**2 - h - 1. Let a be l(-1). Let q(r) = 3*r - 15. Let w(d) = a*q(d) + 13*p(d). Let c = -25 + 24. What is w(c)?
9
Let n(h) be the third derivative of 2*h**2 + 1/60*h**5 - 1/6*h**3 - 1/12*h**4 + 0 + 4*h. Determine n(2).
-1
Let b = -8 + 10. Let u(l) be the second derivative of -l**5/10 + l**4/6 + 650*l. Determine u(b).
-8
Let q(u) = -69125*u + 34570*u + 229 + 34565*u. Determine q(-22).
9
Let y(u) = u**2 + 16*u + 63. Let x be y(-12). Let h(v) = -6 + x*v**2 + 7*v - 8*v + 8*v + v**3 - 7*v**2. Determine h(-7).
-6
Let s(i) be the first derivative of i**4/6 - i**3 - 5*i**2/2 - 66*i + 22. Let c(m) be the first derivative of s(m). Give c(5).
15
Let n(g) = g**2 - 4*g - 3. Let c = 150 - 274. Let o = -120 - c. Suppose 4*q - 44 = -5*y, o*q - 4 = -y + 24. What is n(q)?
9
Let z(s) be the second derivative of -s**5/20 - 7*s**4/12 - 5*s**3/3 - 4*s**2 - s. Let f(y) = y**2 + 510*y + 19650. Let x be f(-42). What is z(x)?
16
Let g(y) = 5*y**2 - y**3 + 2 - 4*y + 4*y - 7. Suppose 9*b - 312 = -0*b - 69*b. Determine g(b).
11
Let i be 1/((3/(-9))/(-1)). Let c(b) = 2. Let m(h) = 3*h + 3. Let d(s) = -s - 1. Let p(o) = -5*d(o) - 2*m(o). Let z(j) = -c(j) + 2*p(j). Determine z(i).
-10
Let k(f) be the third derivative of 4*f**4/3 - 7*f**3/6 - f**2 + 126*f. Let g(r) = -7*r + 2. Let m(s) = 9*g(s) + 2*k(s). Calculate m(-4).
0
Let p(v) = -v - 5. Let l be p(-7). Let h(y) = 5*y**3 + 10*y**2 - y + 2. Let w(c) = 27*c**3 + 55*c**2 - 5*c + 11. Let k(s) = -11*h(s) + 2*w(s). What is k(l)?
-6
Let u(j) = -j**3 + 4*j**2 - 3*j + 3. Let z be (3 - 9)/54 - (-2075)/45. Suppose 45*a + 3 = z*a. Calculate u(a).
3
Let r = 2 + 5. Let z be (27/9 - -8) + (2 - 4). Let m(i) = 39*i**2 - 4*i - z + 9*i + 2*i - 40*i**2. What is m(r)?
-9
Let s(a) be the third derivative of -1/24*a**4 + a**2 + 1/60*a**5 + 1/20*a**6 + 0 + 63*a + 1/6*a**3. Determine s(1).
7
Let a(p) = -p**2 - 32*p + 113. Let h = -25785 + 25750. Determine a(h).
8
Let m(p) = -p + 5. Let r = -3 - -4. Let f be (4 - 3)/(r/(-2)). Let l be (-5)/(-10) - (-13)/f. Give m(l).
11
Let v be ((1*-2)/(6 + (5 - 12)))/(-1). Let f(i) = -12*i**2 + 4*i + 4. Calculate f(v).
-52
Suppose -4*v = 17*v. Let f(d) = -11 - 2*d - 8 - d + 4*d. Let j(w) = -w + 19. Let x(i) = 2*f(i) + 3*j(i). Calculate x(v).
19
Let d(t) = -17*t**3 - 4*t**2 + 102384*t - 3*t**3 - 102380*t - 52*t**3 + 8*t**2. Give d(-1).
72
Let n(u) be the second derivative of -u**8/6720 - u**7/360 - u**6/120 - u**5/24 + 7*u**4/3 - u - 11. Let a(s) be the third derivative of n(s). Determine a(-6).
-5
Let q = -19 - -14. Let k(s) = -4*s**2 + 16*s + 21. Let g(c) = 5*c**2 - 21*c - 28. Let b(o) = 7*g(o) + 9*k(o). Give b(q).
-17
Let r be 3/(-4)*(-8)/108*-12 + 1. Let h(o) be the first derivative of 2*o - 1/2*o**2 - 8 - r*o**3. Give h(-3).
-4
Let p(v) be the first derivative of 3*v**2/2 - 7*v - 1048. What is p(-6)?
-25
Let a(s) be the second derivative of -2 - s**3 - s - s**2 - 1/12*s**4. Calculate a(-6).
-2
Let v(z) = -z**3 - 23*z**2 - z - 20. Let c = 5961 - 5984. Give v(c).
3
Suppose 98 = 5*j + 12*r, -6*j - 2*r + 38 = -3*j. Let z(v) = v + 23. Determine z(j).
33
Let m(n) = 2*n - 10. Suppose 3*f + 34 = 592. Let a = f - 179. What is m(a)?
4
Let m(c) = c**3 + c - 6 - 2*c**2 - 4*c**2 + 5*c**2 - 5*c**2. Let g(s) be the first derivative of 2*s**3/3 - 7*s**2/2 + 2*s - 26. Let l be g(4). Calculate m(l).
0
Let m(x) be the first derivative of 1/3*x**3 + 274 - 15/2*x**2 + 33*x. Calculate m(13).
7
Let v(q) be the second derivative of -q**5/20 - 5*q**4/4 - 17*q**3/6 - 39*q**2/2 + 4643*q. Give v(-14).
3
Let d(g) be the second derivative of -g**6/120 + g**5/60 + g**4/12 + 7*g**3/6 - 10*g**2 + 74*g. Let i(p) be the first derivative of d(p). Calculate i(3).
-5
Let c(b) be the first derivative of -27*b**2/2 - 15*b + 2883. What is c(-1)?
12
Let m be (276/(-161))/(4/14). Let i = 0 + 5. Let n(v) = -v**3 - 7*v**2 + 1 + i*v - 8 - 13*v. Calculate n(m).
5
Let n(i) = -6*i - 220. Let d(k) = 5*k + 149. Let p(w) = -10*d(w) - 7*n(w). What is p(5)?
10
Let t(h) = -h**2 - h + 11. Let a = -2986 + 2986. Calculate t(a).
11
Let m be (1 - (-7 + 3))/(10/12). Let w(u) = -u**3 - 2*u**2 - u. Let b be w(-2). Let x(p) = 2*p - p**3 + 0*p - 3 + 5*p**b + 4*p + p. Determine x(m).
3
Let v(l) = l**3 + 6*l**2 - 3. Let h be 47/(-8) - (-8 - 195/(-24)). Determine v(h).
-3
Suppose -2*x = -7*x + 70. Let d(v) = -3*v + 4*v - 1 - 19*v + x*v. Determine d(8).
-33
Let j(x) = 15*x - 5. Let a(h) = h - 9. Let l(s) = -6*a(s) + j(s). Give l(-7).
-14
Let j(l) = -4*l - 15. Let f(y) = -y - 4 + 13*y**2 + 9 - 15*y**2 - 3. Let r be f(-2). Let d be j(r). Let q(p) = 4*p - 1. Give q(d).
3
Let k be (-12)/(-30) - 108/(-30) - 140/42. Let x(d) be the first derivative of -k*d**3 + 5/2*d**2 - 3 - 1/4*d**4 - 2*d. Give x(-4).
10
Let j be (-2600)/60*(-18)/5. Let w(n) = j*n + 2 + n**2 - 4 - 162*n - 4. Let r be w(6). Let f(g) = -g**3 - 6*g**2 + 2. Give f(r).
2
Suppose -11*u - 78 = 2*u. Let m(a) = -3*a - 6. Let j(n) be the second derivative of -n**3/6 + n**2/2 + 12*n. Let y(l) = -2*j(l) + m(l). Give y(u).
-2
Let t(h) = 8*h**3 + 5*h**3 - 16 + 4758*h**2 - 12*h**3 - 14*h - 4754*h**2. Determine t(-6).
-4
Let m(z) = 11*z + 60. Let y = -1362 - -1356. What is m(y)?
-6
Let k(n) = 50*n**2 - 141*n - 25. Let i be k(3). Let j(g) = 24*g + 3. Calculate j(i).
51
Suppose 0 = -8*m - 48 - 8. Let v(o) = 9*o**2 + 16*o - 2. Let a(i) = -4*i**2 - 8*i. Let s(u) = m*a(u) - 3*v(u). What is s(-8)?
6
Suppose 592 - 579 = 5*x + t, -6 = -2*t. Let y(q) = -14*q**3 - 2*q**2 + q - 2. Determine y(x).
-120
Let m be (-320)/96*15/(-5). Let x(t) = -10*t + 95. Give x(m).
-5
Let u(n) = n**3 + 8*n**2 + 7*n - 10. Let d = 38 + -58. Let r be 4*(d/(-16) + -3). Calculate u(r).
-10
Suppose i - o = -7, -26*o + 27*o = 5. Let a(x) = -x - 2. Let w(u) = 0*u + 8*u + 4*u + 5 - 9*u. Let y(f) = -14*a(f) - 6*w(f). What is y(i)?
6
Let t(o) = -2*o + 0*o + 4 - 4*o + 3*o. Suppose -663 - 2962 = -25*f. Let k = -142 + f. Give t(k).
-5
Let g(c) = 31*c**3 - c**2 + c. Let x(o) = -o**3 - 20*o**2 - 7*o + 230. Let s be x(-21). Let p = -817 + s. Give g(p).
31
Let z(h) = 11*h + 29. Let q(m) = -m**3 - 15*m**2 - 15*m - 9. Let y be q(-14). Let d(c) = -5*c - 16. Let s(o) = y*d(o) + 2*z(o). Calculate s(-9).
5
Suppose 3*a + 132 = -5*q, 4*q + 84 = a - 8. Let x(s) = -2*s**3 - 47*s**2 + 23*s - 30. Let w be x(q). Let l(z) = z**3 + 5*z**2 - 9*z - 2. Calculate l(w).
16
Let q(g) = 121*g**2 - 17*g + 0*g**3 - 3*g**3 - 12 + 116*g**2 + 4*g**3 - 221*g**2. What is q(-17)?
-12
Suppose -p + 5*x = -39, -71 = p - 5*p + 3*x. Suppose -13*i = -p*i - 7. 